{"id":8526,"date":"2017-09-18T17:26:04","date_gmt":"2017-09-18T15:26:04","guid":{"rendered":"https:\/\/emmanuellegrama.fr\/?page_id=8526"},"modified":"2024-02-06T10:17:02","modified_gmt":"2024-02-06T09:17:02","slug":"foire-aux-questions","status":"publish","type":"page","link":"https:\/\/emmanuellegrama.fr\/index.php\/foire-aux-questions\/","title":{"rendered":"Foire aux questions"},"content":{"rendered":"<div id=\"pl-8526\"  class=\"panel-layout\" ><div id=\"pg-8526-0\"  class=\"panel-grid panel-no-style\" ><div id=\"pgc-8526-0-0\"  class=\"panel-grid-cell\" ><div id=\"panel-8526-0-0-0\" class=\"so-panel widget widget_sow-editor panel-first-child\" data-index=\"0\" ><div\n\t\t\t\n\t\t\tclass=\"so-widget-sow-editor so-widget-sow-editor-base\"\n\t\t\t\n\t\t>\n<div class=\"siteorigin-widget-tinymce textwidget\">\n\t<\/div>\n<\/div><\/div><div id=\"panel-8526-0-0-1\" class=\"so-panel widget widget_sow-editor panel-last-child\" data-index=\"1\" ><div\n\t\t\t\n\t\t\tclass=\"so-widget-sow-editor so-widget-sow-editor-base\"\n\t\t\t\n\t\t>\n<div class=\"siteorigin-widget-tinymce textwidget\">\n\t<div class=\"panel-group\" id=\"accordion-0\" data-panel=\"accordion-0\"><\/p>\n<p><div class=\"panel\"><div class=\"panel-heading\"><h3 class=\"panel-title\"><a class=\"accordion-toggle\" data-toggle=\"collapse\" data-parent=\"#accordion-0\" href=\"#collapse_0\" >Qu'est ce que la Somathoth\u00e9rapie ? <\/a><\/h3><\/div><div id=\"collapse_0\" class=\"panel-collapse collapse \"><div class=\"panel-body\"><\/p>\n<h1 class=\"widget-title\"><\/h1>\n<div>\u00a0 <\/div><\/div><\/div><\/div>\n<p><div class=\"panel\"><div class=\"panel-heading\"><h3 class=\"panel-title\"><a class=\"accordion-toggle\" data-toggle=\"collapse\" data-parent=\"#accordion-0\" href=\"#collapse_1\" >Pourquoi consulter en Somathot\u00e9rapie ? <\/a><\/h3><\/div><div id=\"collapse_1\" class=\"panel-collapse collapse \"><div class=\"panel-body\"><\/p>\n<div>\n<p><b>Sensation de ne pas vivre pleinement ce qui s'offre \u00e0 vous,\u00a0<\/b><span lang=\"fr-FR\">d'\u00eatre \u00e0 cot\u00e9 de vos pompes, d'en avoir plein le dos, de vous prendre la t\u00eate, d'en avoir gros sur le coeur,\u00a0\u2026\u00a0<\/span><span lang=\"fr-FR\">toutes ses expressions du quotidien qui montrent que notre physique et notre psychisme ont besoin d<\/span><span lang=\"fr-FR\">e retrouver l'harmonie.<br \/>\n<\/span><\/p>\n<p><strong>Anxi\u00e9t\u00e9 et d\u00e9pression :<\/strong>\u00a0besoin de prendre du recul, de retrouver son \u00e9nergie, d'\u00eatre accompagn\u00e9 dans un moment difficile<\/p>\n<p><strong>Burn-out :<\/strong>\u00a0en pr\u00e9vention ou en soin pour mieux g\u00e9rer le stress ou en traiter les cons\u00e9quences.<\/p>\n<p><strong>Somatisations,<\/strong>\u00a0<strong>douleurs inexpliqu\u00e9es m\u00e9dicalement maux de dos<\/strong>, de ventres, migraines, probl\u00e8mes de sommeil, vertiges, fibromyalgie, maladie de Lyme\u2026<\/p>\n<p><strong>Episode chirurgical :<\/strong>\u00a0avant et apr\u00e8s l'intervention chirurgicale, chimioth\u00e9rapie ou radioth\u00e9rapie \u2026 La somatoth\u00e9rapie apaise et permet de renouer en douceur avec vos capacit\u00e9s corporelles, d'acc\u00e9l\u00e9rer le processus de gu\u00e9rison<br \/>\n<strong>Difficult\u00e9s relationnelles professionnelles ou personnelles :<\/strong>\u00a0la peau est l'organe en lien constant avec l'ext\u00e9rieur. Le travail sur le toucher d\u00e9dramatise les affects et explore diff\u00e9rentes formes de liens.<\/p>\n<p><strong>Probl\u00e9matiques li\u00e9es au d\u00e9ficit de toucher :<\/strong>\u00a0pr\u00e9matur\u00e9s, maladie ou chirurgie importante, victimes de toucher ind\u00e9licats ou irrespectueux.<\/p>\n<\/div>\n<p> <\/div><\/div><\/div><\/p>\n<p><div class=\"panel\"><div class=\"panel-heading\"><h3 class=\"panel-title\"><a class=\"accordion-toggle\" data-toggle=\"collapse\" data-parent=\"#accordion-0\" href=\"#collapse_2\" >Combien de s\u00e9ance de Somatoth\u00e9rapie faut - il ? <\/a><\/h3><\/div><div id=\"collapse_2\" class=\"panel-collapse collapse \"><div class=\"panel-body\"><\/p>\n<p>La fr\u00e9quence des s\u00e9ances et leur nombre sont bien sur variables en fonction des probl\u00e9matiques : un point est fait tr\u00e8s r\u00e9guli\u00e8rement pour fixer des objectifs clairs et d\u00e9cider ensemble de l'int\u00e9r\u00eat de poursuivre, faire une pause ou d'arr\u00eater les s\u00e9ances.<\/p>\n<p> <\/div><\/div><\/div><\/p>\n<p><div class=\"panel\"><div class=\"panel-heading\"><h3 class=\"panel-title\"><a class=\"accordion-toggle\" data-toggle=\"collapse\" data-parent=\"#accordion-0\" href=\"#collapse_3\" >Quels sont les occasions pour un Massage Sensitif <\/a><\/h3><\/div><div id=\"collapse_3\" class=\"panel-collapse collapse \"><div class=\"panel-body\"><\/p>\n<p align=\"left\"><span lang=\"fr-FR\"><b>Pr\u00e9vention du stress\u00a0<\/b><\/span><span lang=\"fr-FR\">: un massage permet de d\u00e9poser sa fatigue de l\u00e2cher le trop plein de stress de redonner sa place au corps!<\/span><\/p>\n<p align=\"left\"><span lang=\"fr-FR\"><b>Prendre soin de soi r\u00e9guli\u00e8rement ou apr\u00e8s un coup dur,\u00a0<\/b><\/span><span lang=\"fr-FR\">une d\u00e9ception<\/span>\u00a0<span lang=\"fr-FR\">personnelle ou professionnelle : un massage vous offre le r\u00e9confort pour accueillir et d\u00e9poser vos \u00e9motions puis rebondir.<\/span><\/p>\n<p align=\"left\"><span lang=\"fr-FR\"><b>Pr\u00e9parer une \u00e9ch\u00e9ance importante\u00a0:<\/b><\/span>\u00a0<span lang=\"fr-FR\">un massage vous procure le bon \u00e9quilibre pour profiter de toutes vos potentialit\u00e9s.<\/span><\/p>\n<p align=\"left\"><span lang=\"fr-FR\"><b>Accompagner les changements<\/b><\/span>\u00a0<span lang=\"fr-FR\">de saison,\u00a0<\/span><span lang=\"fr-FR\"><b>les r\u00e9-\u00e9quilibrages<\/b><\/span>\u00a0<span lang=\"fr-FR\">alimentaires, les \u00e9v\u00e9nement comme une grossesse, naissance, mutation, retraite\u2026<\/span><\/p>\n<p align=\"left\"><span lang=\"fr-FR\"><b>Apr\u00e8s une chirurgie, une blessure<\/b><\/span>\u00a0<span lang=\"fr-FR\">: aider le traumatisme \u00e0 se r\u00e9sorber et donner au corps l'exp\u00e9rience d'un toucher doux et respectueux, retrouver de la mobilit\u00e9<\/span><\/p>\n<p align=\"left\"><span lang=\"fr-FR\"><b>Conserver une bonne sant\u00e9<\/b><\/span>\u00a0<span lang=\"fr-FR\">: le massage fait partie des pratiques de bases pour am\u00e9liorer les circulations sanguines et lymphatiques et diminuer la tension nerveuse.<\/span><\/p>\n<p> <\/div><\/div><\/div><\/p>\n<p><div class=\"panel\"><div class=\"panel-heading\"><h3 class=\"panel-title\"><a class=\"accordion-toggle\" data-toggle=\"collapse\" data-parent=\"#accordion-0\" href=\"#collapse_4\" >Qu'est ce que le Massage Sensitif ? <\/a><\/h3><\/div><div id=\"collapse_4\" class=\"panel-collapse collapse \"><div class=\"panel-body\"><\/p>\n<div><\/div>\n<div>\n<div>\n<p><strong>Le Massage Sensitif\u00ae<\/strong>\u00a0propose des mouvements lents \u00e0 la fois drainants et stimulants. Des \u00e9tirements, des sollicitations l\u00e9g\u00e8res des articulations, soulagent les contractures, \u00e9loigne le stress, laisse la place \u00e0 la souplesse, la vitalit\u00e9 et l\u2019harmonie. Pratiqu\u00e9 r\u00e9guli\u00e8rement, le massage sensitif\u00ae, permet de conserver sa forme et son \u00e9quilibre.\u00a0<strong>Il convient aux personnes souffrant de fibromyalgie, maladie de Lyme, en post-op\u00e9ratoire...<\/strong> Il se pratique aussi bien avec de l'huile directement sur la peau qu'habill\u00e9.<\/p>\n<\/div>\n<\/div>\n<p> <\/div><\/div><\/div><\/p>\n<p><\/div>\n<\/div>\n<\/div><\/div><\/div><\/div><\/div>","protected":false},"excerpt":{"rendered":"<p>Qu&rsquo;est ce que la Somathoth\u00e9rapie ? \u00a0 Pourquoi consulter en Somathot\u00e9rapie ? Sensation de ne pas vivre pleinement ce qui s&rsquo;offre \u00e0 vous,\u00a0d&rsquo;\u00eatre \u00e0 cot\u00e9 de vos pompes, d&rsquo;en avoir plein le dos, de vous prendre la t\u00eate, d&rsquo;en avoir gros sur le coeur,\u00a0\u2026\u00a0toutes ses expressions du quotidien qui montrent que notre physique et notre [&hellip;]<\/p>\n","protected":false},"author":1,"featured_media":0,"parent":0,"menu_order":0,"comment_status":"closed","ping_status":"closed","template":"","meta":[],"yoast_head":"<!-- This site is optimized with the Yoast SEO plugin v15.6.2 - https:\/\/yoast.com\/wordpress\/plugins\/seo\/ -->\n<title>FAQ - Emmanuelle Grama \u2013 Massage - Somatoth\u00e9rapie - Psychologue<\/title>\n<meta name=\"description\" content=\"Qu&#039;est ce que la Somathoth\u00e9rapie ? Pourquoi consulter en Somathot\u00e9rapie ? Qu&#039;est ce que le Massage Sensitif ? Combien co\u00fbte une s\u00e9ance ?\" \/>\n<meta name=\"robots\" content=\"index, follow, max-snippet:-1, max-image-preview:large, max-video-preview:-1\" \/>\n<link rel=\"canonical\" href=\"https:\/\/emmanuellegrama.fr\/index.php\/foire-aux-questions\/\" \/>\n<meta property=\"og:locale\" content=\"fr_FR\" \/>\n<meta property=\"og:type\" content=\"article\" \/>\n<meta property=\"og:title\" content=\"FAQ - Emmanuelle Grama \u2013 Massage - Somatoth\u00e9rapie - Psychologue\" \/>\n<meta property=\"og:description\" content=\"Qu&#039;est ce que la Somathoth\u00e9rapie ? Pourquoi consulter en Somathot\u00e9rapie ? Qu&#039;est ce que le Massage Sensitif ? Combien co\u00fbte une s\u00e9ance ?\" \/>\n<meta property=\"og:url\" content=\"https:\/\/emmanuellegrama.fr\/index.php\/foire-aux-questions\/\" \/>\n<meta property=\"og:site_name\" content=\"Emmanuelle Grama\" \/>\n<meta property=\"article:publisher\" content=\"https:\/\/www.facebook.com\/emmanuellegramapsy\/\" \/>\n<meta property=\"article:modified_time\" content=\"2024-02-06T09:17:02+00:00\" \/>\n<meta name=\"twitter:card\" content=\"summary\" \/>\n<meta name=\"twitter:label1\" content=\"Dur\u00e9e de lecture est.\">\n\t<meta name=\"twitter:data1\" content=\"3 minutes\">\n<script type=\"application\/ld+json\" class=\"yoast-schema-graph\">{\"@context\":\"https:\/\/schema.org\",\"@graph\":[{\"@type\":\"WebSite\",\"@id\":\"https:\/\/emmanuellegrama.fr\/#website\",\"url\":\"https:\/\/emmanuellegrama.fr\/\",\"name\":\"Emmanuelle Grama\",\"description\":\"Psychologue EPP\",\"potentialAction\":[{\"@type\":\"SearchAction\",\"target\":\"https:\/\/emmanuellegrama.fr\/?s={search_term_string}\",\"query-input\":\"required name=search_term_string\"}],\"inLanguage\":\"fr-FR\"},{\"@type\":\"WebPage\",\"@id\":\"https:\/\/emmanuellegrama.fr\/index.php\/foire-aux-questions\/#webpage\",\"url\":\"https:\/\/emmanuellegrama.fr\/index.php\/foire-aux-questions\/\",\"name\":\"FAQ - Emmanuelle Grama \\u2013 Massage - Somatoth\\u00e9rapie - Psychologue\",\"isPartOf\":{\"@id\":\"https:\/\/emmanuellegrama.fr\/#website\"},\"datePublished\":\"2017-09-18T15:26:04+00:00\",\"dateModified\":\"2024-02-06T09:17:02+00:00\",\"description\":\"Qu'est ce que la Somathoth\\u00e9rapie ? Pourquoi consulter en Somathot\\u00e9rapie ? Qu'est ce que le Massage Sensitif ? Combien co\\u00fbte une s\\u00e9ance ?\",\"inLanguage\":\"fr-FR\",\"potentialAction\":[{\"@type\":\"ReadAction\",\"target\":[\"https:\/\/emmanuellegrama.fr\/index.php\/foire-aux-questions\/\"]}]}]}<\/script>\n<!-- \/ Yoast SEO plugin. -->","_links":{"self":[{"href":"https:\/\/emmanuellegrama.fr\/index.php\/wp-json\/wp\/v2\/pages\/8526"}],"collection":[{"href":"https:\/\/emmanuellegrama.fr\/index.php\/wp-json\/wp\/v2\/pages"}],"about":[{"href":"https:\/\/emmanuellegrama.fr\/index.php\/wp-json\/wp\/v2\/types\/page"}],"author":[{"embeddable":true,"href":"https:\/\/emmanuellegrama.fr\/index.php\/wp-json\/wp\/v2\/users\/1"}],"replies":[{"embeddable":true,"href":"https:\/\/emmanuellegrama.fr\/index.php\/wp-json\/wp\/v2\/comments?post=8526"}],"version-history":[{"count":44,"href":"https:\/\/emmanuellegrama.fr\/index.php\/wp-json\/wp\/v2\/pages\/8526\/revisions"}],"predecessor-version":[{"id":8923,"href":"https:\/\/emmanuellegrama.fr\/index.php\/wp-json\/wp\/v2\/pages\/8526\/revisions\/8923"}],"wp:attachment":[{"href":"https:\/\/emmanuellegrama.fr\/index.php\/wp-json\/wp\/v2\/media?parent=8526"}],"curies":[{"name":"wp","href":"https:\/\/api.w.org\/{rel}","templated":true}]}}